{"id":127,"date":"2023-04-30T10:40:49","date_gmt":"2023-04-30T10:40:49","guid":{"rendered":"https:\/\/carpinteroscartagena.com\/?page_id=127"},"modified":"2023-12-06T13:20:02","modified_gmt":"2023-12-06T13:20:02","slug":"cocinas","status":"publish","type":"page","link":"https:\/\/carpinteroscartagena.com\/index.php\/cocinas\/","title":{"rendered":"Cocinas"},"content":{"rendered":"\n<h4 class=\"wp-block-heading has-text-align-center has-accent-color has-text-color\"><strong>Cocinas de madera a medida en Cartagena<\/strong>.<\/h4>\n\n\n\n<p class=\"has-text-align-left\">Si est\u00e1s buscando una cocina que se adapte perfectamente a tus necesidades y estilo de vida, una cocina de madera a medida puede ser la soluci\u00f3n ideal para ti.<\/p>\n\n\n<div class=\"wp-block-image\">\n<figure class=\"aligncenter size-large is-resized\"><img decoding=\"async\" src=\"https:\/\/carpinteroscartagena.com\/wp-content\/uploads\/2023\/05\/cocinas-madera-cartagena-1024x683.jpg\" alt=\"cocinas de madera a medida\" class=\"wp-image-252\" style=\"width:600px\" width=\"600\" srcset=\"https:\/\/carpinteroscartagena.com\/wp-content\/uploads\/2023\/05\/cocinas-madera-cartagena-1024x683.jpg 1024w, https:\/\/carpinteroscartagena.com\/wp-content\/uploads\/2023\/05\/cocinas-madera-cartagena-300x200.jpg 300w, https:\/\/carpinteroscartagena.com\/wp-content\/uploads\/2023\/05\/cocinas-madera-cartagena-768x512.jpg 768w, https:\/\/carpinteroscartagena.com\/wp-content\/uploads\/2023\/05\/cocinas-madera-cartagena-1536x1024.jpg 1536w, https:\/\/carpinteroscartagena.com\/wp-content\/uploads\/2023\/05\/cocinas-madera-cartagena-2048x1365.jpg 2048w\" sizes=\"(max-width: 1024px) 100vw, 1024px\" \/><\/figure>\n<\/div>\n\n\n<div style=\"height:55px\" aria-hidden=\"true\" class=\"wp-block-spacer\"><\/div>\n\n\n\n<h4 class=\"wp-block-heading has-text-align-center has-accent-color has-text-color\"><strong>\u00bfPor qu\u00e9 elegir cocinas a medida?<\/strong><\/h4>\n\n\n\n<p class=\"has-text-align-left\">Las cocinas a medida son la soluci\u00f3n perfecta para aquellos que buscan un espacio de cocina personalizado y exclusivo que se adapte a sus necesidades. Con una cocina a medida, puedes personalizar cada detalle, desde la distribuci\u00f3n de los electrodom\u00e9sticos hasta el tipo de almacenamiento que necesitas. Adem\u00e1s, una cocina a medida puede ser una excelente opci\u00f3n para aprovechar al m\u00e1ximo el espacio disponible y optimizar la eficiencia en la cocina.<\/p>\n\n\n<div class=\"wp-block-image\">\n<figure class=\"aligncenter size-large is-resized\"><img decoding=\"async\" src=\"https:\/\/carpinteroscartagena.com\/wp-content\/uploads\/2023\/05\/cocinas-a-medida-Cartagena-1024x683.jpg\" alt=\"m\u00f3dulos de cocina de madera\" class=\"wp-image-261\" style=\"width:587px\" width=\"587\" srcset=\"https:\/\/carpinteroscartagena.com\/wp-content\/uploads\/2023\/05\/cocinas-a-medida-Cartagena-1024x683.jpg 1024w, https:\/\/carpinteroscartagena.com\/wp-content\/uploads\/2023\/05\/cocinas-a-medida-Cartagena-300x200.jpg 300w, https:\/\/carpinteroscartagena.com\/wp-content\/uploads\/2023\/05\/cocinas-a-medida-Cartagena-768x513.jpg 768w, https:\/\/carpinteroscartagena.com\/wp-content\/uploads\/2023\/05\/cocinas-a-medida-Cartagena-1536x1025.jpg 1536w, https:\/\/carpinteroscartagena.com\/wp-content\/uploads\/2023\/05\/cocinas-a-medida-Cartagena-2048x1367.jpg 2048w\" sizes=\"(max-width: 1024px) 100vw, 1024px\" \/><\/figure>\n<\/div>\n\n\n<div style=\"height:55px\" aria-hidden=\"true\" class=\"wp-block-spacer\"><\/div>\n\n\n\n<h4 class=\"wp-block-heading has-text-align-center has-accent-color has-text-color\"><strong>\u00bfQu\u00e9 es importante tener en cuenta al elegir una cocina?<\/strong><\/h4>\n\n\n\n<p class=\"has-text-align-left has-contrast-color has-text-color\">El dise\u00f1o y la calidad son otros<strong> <\/strong>aspectos importantes a tener en cuenta al elegir una cocina a medida. Aseg\u00farate de trabajar con un carpintero que ofrezca opciones de dise\u00f1o personalizadas que se adapten a tus necesidades y preferencias est\u00e9ticas. Adem\u00e1s, la calidad de los materiales utilizados en la construcci\u00f3n de la cocina es fundamental para garantizar que sea duradera y resistente al desgaste.<\/p>\n\n\n\n<div style=\"height:40px\" aria-hidden=\"true\" class=\"wp-block-spacer\"><\/div>\n\n\n\n<div class=\"wp-block-buttons is-content-justification-center is-layout-flex wp-container-core-buttons-is-layout-16018d1d wp-block-buttons-is-layout-flex\">\n<div class=\"wp-block-button has-custom-font-size has-medium-font-size\"><a class=\"wp-block-button__link has-background wp-element-button\" href=\"https:\/\/carpinteroscartagena.com\/index.php\/presupuesto\/\" style=\"background-color:#ff3300\">Quiero mi presupuesto<\/a><\/div>\n<\/div>\n","protected":false},"excerpt":{"rendered":"<p>Cocinas de madera a medida en Cartagena. Si est\u00e1s buscando una cocina que se adapte perfectamente a tus necesidades y estilo de vida, una cocina de madera a medida puede ser la soluci\u00f3n ideal para ti. \u00bfPor qu\u00e9 elegir cocinas a medida? Las cocinas a medida son la soluci\u00f3n perfecta para aquellos que buscan un &#8230; <a title=\"Cocinas\" class=\"read-more\" href=\"https:\/\/carpinteroscartagena.com\/index.php\/cocinas\/\" aria-label=\"M\u00e1s en Cocinas\">Leer m\u00e1s<\/a><\/p>\n","protected":false},"author":1,"featured_media":42,"parent":0,"menu_order":0,"comment_status":"closed","ping_status":"closed","template":"","meta":{"footnotes":""},"class_list":["post-127","page","type-page","status-publish","has-post-thumbnail"],"yoast_head":"<!-- This site is optimized with the Yoast SEO plugin v24.4 - https:\/\/yoast.com\/wordpress\/plugins\/seo\/ -->\n<title>Cocinas a Medida, Dise\u00f1o de Cocinas &#187; Cartagena Murcia &#187; 2023<\/title>\n<meta name=\"description\" content=\"Dise\u00f1amos junto a ti la cocina que tu quieres tener, algo diferente que es solo tuyo. La construcci\u00f3n ya nos la dejas a nosotros, tu solo preoc\u00fapate de lo que dir\u00e1n tus invitados cuando vean tu nueva cocina.\" \/>\n<meta name=\"robots\" content=\"index, follow, max-snippet:-1, max-image-preview:large, max-video-preview:-1\" \/>\n<link rel=\"canonical\" href=\"https:\/\/carpinteroscartagena.com\/index.php\/cocinas\/\" \/>\n<meta property=\"og:locale\" content=\"es_ES\" \/>\n<meta property=\"og:type\" content=\"article\" \/>\n<meta property=\"og:title\" content=\"Cocinas a Medida, Dise\u00f1o de Cocinas &#187; Cartagena Murcia &#187; 2023\" \/>\n<meta property=\"og:description\" content=\"Dise\u00f1amos junto a ti la cocina que tu quieres tener, algo diferente que es solo tuyo. La construcci\u00f3n ya nos la dejas a nosotros, tu solo preoc\u00fapate de lo que dir\u00e1n tus invitados cuando vean tu nueva cocina.\" \/>\n<meta property=\"og:url\" content=\"https:\/\/carpinteroscartagena.com\/index.php\/cocinas\/\" \/>\n<meta property=\"og:site_name\" content=\"Carpinteros Cartagena\" \/>\n<meta property=\"article:modified_time\" content=\"2023-12-06T13:20:02+00:00\" \/>\n<meta property=\"og:image\" content=\"https:\/\/carpinteroscartagena.com\/wp-content\/uploads\/2023\/04\/Cocinas-a-medida-cartagena.jpg\" \/>\n\t<meta property=\"og:image:width\" content=\"300\" \/>\n\t<meta property=\"og:image:height\" content=\"300\" \/>\n\t<meta property=\"og:image:type\" content=\"image\/jpeg\" \/>\n<meta name=\"twitter:card\" content=\"summary_large_image\" \/>\n<meta name=\"twitter:label1\" content=\"Tiempo de lectura\" \/>\n\t<meta name=\"twitter:data1\" content=\"2 minutos\" \/>\n<script type=\"application\/ld+json\" class=\"yoast-schema-graph\">{\"@context\":\"https:\/\/schema.org\",\"@graph\":[{\"@type\":\"WebPage\",\"@id\":\"https:\/\/carpinteroscartagena.com\/index.php\/cocinas\/\",\"url\":\"https:\/\/carpinteroscartagena.com\/index.php\/cocinas\/\",\"name\":\"Cocinas a Medida, Dise\u00f1o de Cocinas &#187; Cartagena Murcia &#187; 2023\",\"isPartOf\":{\"@id\":\"https:\/\/carpinteroscartagena.com\/#website\"},\"primaryImageOfPage\":{\"@id\":\"https:\/\/carpinteroscartagena.com\/index.php\/cocinas\/#primaryimage\"},\"image\":{\"@id\":\"https:\/\/carpinteroscartagena.com\/index.php\/cocinas\/#primaryimage\"},\"thumbnailUrl\":\"https:\/\/carpinteroscartagena.com\/wp-content\/uploads\/2023\/04\/Cocinas-a-medida-cartagena.jpg\",\"datePublished\":\"2023-04-30T10:40:49+00:00\",\"dateModified\":\"2023-12-06T13:20:02+00:00\",\"description\":\"Dise\u00f1amos junto a ti la cocina que tu quieres tener, algo diferente que es solo tuyo. La construcci\u00f3n ya nos la dejas a nosotros, tu solo preoc\u00fapate de lo que dir\u00e1n tus invitados cuando vean tu nueva cocina.\",\"breadcrumb\":{\"@id\":\"https:\/\/carpinteroscartagena.com\/index.php\/cocinas\/#breadcrumb\"},\"inLanguage\":\"es\",\"potentialAction\":[{\"@type\":\"ReadAction\",\"target\":[\"https:\/\/carpinteroscartagena.com\/index.php\/cocinas\/\"]}]},{\"@type\":\"ImageObject\",\"inLanguage\":\"es\",\"@id\":\"https:\/\/carpinteroscartagena.com\/index.php\/cocinas\/#primaryimage\",\"url\":\"https:\/\/carpinteroscartagena.com\/wp-content\/uploads\/2023\/04\/Cocinas-a-medida-cartagena.jpg\",\"contentUrl\":\"https:\/\/carpinteroscartagena.com\/wp-content\/uploads\/2023\/04\/Cocinas-a-medida-cartagena.jpg\",\"width\":300,\"height\":300,\"caption\":\"cocinas a medida Cartagena\"},{\"@type\":\"BreadcrumbList\",\"@id\":\"https:\/\/carpinteroscartagena.com\/index.php\/cocinas\/#breadcrumb\",\"itemListElement\":[{\"@type\":\"ListItem\",\"position\":1,\"name\":\"Portada\",\"item\":\"https:\/\/carpinteroscartagena.com\/\"},{\"@type\":\"ListItem\",\"position\":2,\"name\":\"Cocinas\"}]},{\"@type\":\"WebSite\",\"@id\":\"https:\/\/carpinteroscartagena.com\/#website\",\"url\":\"https:\/\/carpinteroscartagena.com\/\",\"name\":\"Carpinteros Cartagena\",\"description\":\"Carpinteros con Experiencia en Cartagena\",\"publisher\":{\"@id\":\"https:\/\/carpinteroscartagena.com\/#organization\"},\"potentialAction\":[{\"@type\":\"SearchAction\",\"target\":{\"@type\":\"EntryPoint\",\"urlTemplate\":\"https:\/\/carpinteroscartagena.com\/?s={search_term_string}\"},\"query-input\":{\"@type\":\"PropertyValueSpecification\",\"valueRequired\":true,\"valueName\":\"search_term_string\"}}],\"inLanguage\":\"es\"},{\"@type\":\"Organization\",\"@id\":\"https:\/\/carpinteroscartagena.com\/#organization\",\"name\":\"Carpinteros Cartagena\",\"url\":\"https:\/\/carpinteroscartagena.com\/\",\"logo\":{\"@type\":\"ImageObject\",\"inLanguage\":\"es\",\"@id\":\"https:\/\/carpinteroscartagena.com\/#\/schema\/logo\/image\/\",\"url\":\"https:\/\/carpinteroscartagena.com\/wp-content\/uploads\/2023\/04\/cropped-carpinteros-cartagena-1.png\",\"contentUrl\":\"https:\/\/carpinteroscartagena.com\/wp-content\/uploads\/2023\/04\/cropped-carpinteros-cartagena-1.png\",\"width\":700,\"height\":120,\"caption\":\"Carpinteros Cartagena\"},\"image\":{\"@id\":\"https:\/\/carpinteroscartagena.com\/#\/schema\/logo\/image\/\"}}]}<\/script>\n<!-- \/ Yoast SEO plugin. -->","yoast_head_json":{"title":"Cocinas a Medida, Dise\u00f1o de Cocinas &#187; Cartagena Murcia &#187; 2023","description":"Dise\u00f1amos junto a ti la cocina que tu quieres tener, algo diferente que es solo tuyo. La construcci\u00f3n ya nos la dejas a nosotros, tu solo preoc\u00fapate de lo que dir\u00e1n tus invitados cuando vean tu nueva cocina.","robots":{"index":"index","follow":"follow","max-snippet":"max-snippet:-1","max-image-preview":"max-image-preview:large","max-video-preview":"max-video-preview:-1"},"canonical":"https:\/\/carpinteroscartagena.com\/index.php\/cocinas\/","og_locale":"es_ES","og_type":"article","og_title":"Cocinas a Medida, Dise\u00f1o de Cocinas &#187; Cartagena Murcia &#187; 2023","og_description":"Dise\u00f1amos junto a ti la cocina que tu quieres tener, algo diferente que es solo tuyo. La construcci\u00f3n ya nos la dejas a nosotros, tu solo preoc\u00fapate de lo que dir\u00e1n tus invitados cuando vean tu nueva cocina.","og_url":"https:\/\/carpinteroscartagena.com\/index.php\/cocinas\/","og_site_name":"Carpinteros Cartagena","article_modified_time":"2023-12-06T13:20:02+00:00","og_image":[{"width":300,"height":300,"url":"https:\/\/carpinteroscartagena.com\/wp-content\/uploads\/2023\/04\/Cocinas-a-medida-cartagena.jpg","type":"image\/jpeg"}],"twitter_card":"summary_large_image","twitter_misc":{"Tiempo de lectura":"2 minutos"},"schema":{"@context":"https:\/\/schema.org","@graph":[{"@type":"WebPage","@id":"https:\/\/carpinteroscartagena.com\/index.php\/cocinas\/","url":"https:\/\/carpinteroscartagena.com\/index.php\/cocinas\/","name":"Cocinas a Medida, Dise\u00f1o de Cocinas &#187; Cartagena Murcia &#187; 2023","isPartOf":{"@id":"https:\/\/carpinteroscartagena.com\/#website"},"primaryImageOfPage":{"@id":"https:\/\/carpinteroscartagena.com\/index.php\/cocinas\/#primaryimage"},"image":{"@id":"https:\/\/carpinteroscartagena.com\/index.php\/cocinas\/#primaryimage"},"thumbnailUrl":"https:\/\/carpinteroscartagena.com\/wp-content\/uploads\/2023\/04\/Cocinas-a-medida-cartagena.jpg","datePublished":"2023-04-30T10:40:49+00:00","dateModified":"2023-12-06T13:20:02+00:00","description":"Dise\u00f1amos junto a ti la cocina que tu quieres tener, algo diferente que es solo tuyo. La construcci\u00f3n ya nos la dejas a nosotros, tu solo preoc\u00fapate de lo que dir\u00e1n tus invitados cuando vean tu nueva cocina.","breadcrumb":{"@id":"https:\/\/carpinteroscartagena.com\/index.php\/cocinas\/#breadcrumb"},"inLanguage":"es","potentialAction":[{"@type":"ReadAction","target":["https:\/\/carpinteroscartagena.com\/index.php\/cocinas\/"]}]},{"@type":"ImageObject","inLanguage":"es","@id":"https:\/\/carpinteroscartagena.com\/index.php\/cocinas\/#primaryimage","url":"https:\/\/carpinteroscartagena.com\/wp-content\/uploads\/2023\/04\/Cocinas-a-medida-cartagena.jpg","contentUrl":"https:\/\/carpinteroscartagena.com\/wp-content\/uploads\/2023\/04\/Cocinas-a-medida-cartagena.jpg","width":300,"height":300,"caption":"cocinas a medida Cartagena"},{"@type":"BreadcrumbList","@id":"https:\/\/carpinteroscartagena.com\/index.php\/cocinas\/#breadcrumb","itemListElement":[{"@type":"ListItem","position":1,"name":"Portada","item":"https:\/\/carpinteroscartagena.com\/"},{"@type":"ListItem","position":2,"name":"Cocinas"}]},{"@type":"WebSite","@id":"https:\/\/carpinteroscartagena.com\/#website","url":"https:\/\/carpinteroscartagena.com\/","name":"Carpinteros Cartagena","description":"Carpinteros con Experiencia en Cartagena","publisher":{"@id":"https:\/\/carpinteroscartagena.com\/#organization"},"potentialAction":[{"@type":"SearchAction","target":{"@type":"EntryPoint","urlTemplate":"https:\/\/carpinteroscartagena.com\/?s={search_term_string}"},"query-input":{"@type":"PropertyValueSpecification","valueRequired":true,"valueName":"search_term_string"}}],"inLanguage":"es"},{"@type":"Organization","@id":"https:\/\/carpinteroscartagena.com\/#organization","name":"Carpinteros Cartagena","url":"https:\/\/carpinteroscartagena.com\/","logo":{"@type":"ImageObject","inLanguage":"es","@id":"https:\/\/carpinteroscartagena.com\/#\/schema\/logo\/image\/","url":"https:\/\/carpinteroscartagena.com\/wp-content\/uploads\/2023\/04\/cropped-carpinteros-cartagena-1.png","contentUrl":"https:\/\/carpinteroscartagena.com\/wp-content\/uploads\/2023\/04\/cropped-carpinteros-cartagena-1.png","width":700,"height":120,"caption":"Carpinteros Cartagena"},"image":{"@id":"https:\/\/carpinteroscartagena.com\/#\/schema\/logo\/image\/"}}]}},"_links":{"self":[{"href":"https:\/\/carpinteroscartagena.com\/index.php\/wp-json\/wp\/v2\/pages\/127","targetHints":{"allow":["GET"]}}],"collection":[{"href":"https:\/\/carpinteroscartagena.com\/index.php\/wp-json\/wp\/v2\/pages"}],"about":[{"href":"https:\/\/carpinteroscartagena.com\/index.php\/wp-json\/wp\/v2\/types\/page"}],"author":[{"embeddable":true,"href":"https:\/\/carpinteroscartagena.com\/index.php\/wp-json\/wp\/v2\/users\/1"}],"replies":[{"embeddable":true,"href":"https:\/\/carpinteroscartagena.com\/index.php\/wp-json\/wp\/v2\/comments?post=127"}],"version-history":[{"count":13,"href":"https:\/\/carpinteroscartagena.com\/index.php\/wp-json\/wp\/v2\/pages\/127\/revisions"}],"predecessor-version":[{"id":549,"href":"https:\/\/carpinteroscartagena.com\/index.php\/wp-json\/wp\/v2\/pages\/127\/revisions\/549"}],"wp:featuredmedia":[{"embeddable":true,"href":"https:\/\/carpinteroscartagena.com\/index.php\/wp-json\/wp\/v2\/media\/42"}],"wp:attachment":[{"href":"https:\/\/carpinteroscartagena.com\/index.php\/wp-json\/wp\/v2\/media?parent=127"}],"curies":[{"name":"wp","href":"https:\/\/api.w.org\/{rel}","templated":true}]}}